g. Is ((-1295)/(-14))/((-2)/g) prime?
False
Suppose -5*l - 2*b = -l - 117350, b + 117335 = 4*l. Is l composite?
True
Suppose -19*w = -x - 21*w + 3090, -5*w - 6162 = -2*x. Is x prime?
False
Let y = 12 - 11. Let p = y + -1. Suppose z + 3*v - 44 = 44, p = 4*z - 3*v - 397. Is z composite?
False
Let w(v) = -5*v**3 - 12*v - 8. Let s be w(-9). Suppose -q - s = -6*q. Suppose -c = 4*z + 3*c - 1488, 3*c + q = 2*z. Is z a composite number?
False
Suppose -6276 = -3*w - 90. Let u = 2901 - w. Is u composite?
False
Suppose 4*d = -8*k + 3*k + 48, d - 2*k - 12 = 0. Is (7522/6 + -2)/(4/d) a prime number?
False
Let o = -16 - -5. Let p(y) = 1. Let v(j) = 15*j + 13. Let d(u) = -3*p(u) - v(u). Is d(o) a composite number?
False
Let x = 51 + -51. Suppose x = -12*n + 13*n - 251. Is n a composite number?
False
Suppose 6*y - 3*y = 6. Let p be (0 + 0)/(3 - y). Suppose -2*m + 17 = -f - 73, p = -2*m + 3*f + 98. Is m composite?
False
Let q be 1440 - (1 + 0)*-2. Let o be (144/(-168))/((-4)/3738). Let u = q - o. Is u a composite number?
False
Let g be (-1 - 2/(4/2))*-1. Suppose -6*t + 628 = -g*t. Is t prime?
True
Let h(o) = o - 4. Let y be h(4). Let j be -9*(y + (-3)/9). Suppose j*a + 1130 = 2*r, a = -3*r + 2*a + 1695. Is r a composite number?
True
Let t be (-4 - 6)/((-8)/652). Let y = -468 + t. Is y a composite number?
False
Suppose 30 = -3*d - 2*d. Is 3968/6 + d/(-9) a composite number?
True
Suppose -3*s - 3*k = -7*s + 15, 0 = 2*s - k - 7. Suppose -2*p - 17 = 2*l - s*p, -5*p - 3 = -2*l. Let x(v) = 6*v**2 + 2*v - 15. Is x(l) composite?
True
Let f(m) be the third derivative of -13*m**6/24 + m**4/24 + m**3/6 + 3*m**2. Let h be (-1 - -3)*1/(-2). Is f(h) a composite number?
True
Suppose a - 249 - 23 = 0. Let p be a/(-64)*12*-1. Suppose -p = -2*x + 887. Is x composite?
True
Let o = 20 - 14. Let d(p) = 85 + o*p - 5*p - 2*p. Is d(0) a composite number?
True
Let y(o) = -303*o + 5. Suppose 5*i + 73 = -3*u + 20, 11 = -i - u. Is y(i) a prime number?
False
Is (-1)/2*86758/21*-3 prime?
True
Suppose 0 = -3*p - 5*m - 300, 2*p - m = 7*p + 522. Let c = p - -194. Is c a composite number?
False
Suppose 0 = -12*p + 5*p. Let q be 688/4 + -2 + p. Suppose -2*n - 8 = 0, -n + q = 4*d - 590. Is d a composite number?
False
Let m(j) = 3*j**2 - 4*j + 19. Suppose -7*i - 47 = 16. Is m(i) prime?
False
Suppose 239908 + 22907 = 15*d. Is d prime?
False
Let s = -5885 - -11692. Is s composite?
False
Let r(b) = -82*b + 1. Suppose -7 - 32 = 3*z. Is r(z) a prime number?
False
Let k(w) = 18*w**3 + w**2 + w + 1. Let f be k(-1). Let a = f - -21. Suppose -4*l - a*x = -0*x - 3656, -4*x = -4*l + 3696. Is l composite?
False
Suppose 2770 = 3*r - 3956. Let s = r + -1101. Is s prime?
False
Suppose -15 = -5*a + 2*g, 4*a = g + 4*g + 12. Suppose 3*p - a - 9 = 3*r, 0 = -2*r - 8. Suppose -429 = -p*s - 3*s. Is s a prime number?
False
Let w(q) be the second derivative of q**4/6 - q**3/6 - q**2 + 4*q. Let d be w(2). Suppose -d*a + 92 = -0*a. Is a a prime number?
True
Suppose -5*f = 2*q - 27, 3 + 3 = f + q. Suppose f*h - 23 - 22 = 0. Let p = h - -10. Is p composite?
False
Let i(z) = -8*z - 3. Let o be i(-2). Suppose -9*m = -o*m. Suppose -2*s + 24 = -5*w, -4 = 4*s + 3*w - m*w. Is s a composite number?
False
Let n(l) = l**2 + 4*l + 2. Let b be n(-4). Suppose 0 = i + 2*v + 6, -4*v = -i + b*i. Is 3/i + 154/8 a composite number?
False
Let u(m) = -208*m - 529. Is u(-9) a composite number?
True
Let r(t) = t**3 - 6*t**2 + 2*t + 3. Let q be r(3). Let v be (-4)/q + 3450/27. Let p = 423 - v. Is p a prime number?
False
Let y(f) = 77*f - 27. Let g be y(5). Let h(c) = -c + 7. Let z be h(7). Suppose 3*w - 2273 - g = z. Is w a prime number?
True
Suppose -4590 = 6*b + 3*b. Let j = -307 - b. Is j composite?
True
Suppose -2*v + 2*l = -3*v + 9252, -2*l = -10. Is v composite?
True
Let n be 4/(-6) - 90969/(-9). Suppose 36*m - 45*m + n = 0. Is m prime?
True
Let n(h) = 2*h**2 - 9*h - 2. Let m be n(-9). Let t = 462 - m. Is t a prime number?
False
Let u = 17 + -11. Let l be 44/28 + u/14. Suppose 3*h = 4*m - 812, -h + l*h = -5*m + 1015. Is m prime?
False
Suppose -4*i + 23315 = -16937. Is i prime?
False
Is (44624/(-28))/(30/(-105)) prime?
False
Let d(h) = -h**2 - 20*h - 17. Let k(y) = -9 - 8*y**2 - 6 - 14*y + 7*y**2. Let n be k(-14). Is d(n) prime?
False
Is (-16)/(-120) - 106226/(-30) a prime number?
True
Let p = 1066 + -758. Suppose -4*i + p = -0*i. Is i composite?
True
Let a be (1 - 3/6)*10136. Let f = a - 3333. Is f prime?
False
Suppose m - 1132 = -m. Let d = m - 397. Is d composite?
True
Let g be ((-1)/(-5) - 0) + 7/(-35). Suppose -2*i = -3*x - 4*i + 921, g = x - i - 307. Is x prime?
True
Let g = 458 + -283. Let s(n) = n**3 - n. Let r be s(0). Suppose -c + g - 26 = r. Is c composite?
False
Suppose -x + 394143 = 5*o, 0 = 4*x - 17 + 25. Is o a composite number?
True
Let d(f) = -f**3 - 9*f**2 - 9*f + 7. Let y be d(-8). Let r be (12/(-9))/((-5)/y). Suppose -154 = -0*p - 2*p - r*i, 418 = 5*p - i. Is p a composite number?
False
Let n be 0 - (5 + (0 - 2)). Is (5 - -53)*(114/(-4))/n prime?
False
Let v(c) = 19*c - 20. Let b be v(6). Let i = -35 + b. Is i composite?
False
Suppose -r + 2233098 = 125*r. Is r a prime number?
False
Let p(i) = 197*i**3 - i**2 + i - 3. Let l(q) = -q - 15. Let r be l(-17). Is p(r) a composite number?
False
Suppose 2*t - 5*i - 15 = 0, 5*t + i - 9 = 4*i. Suppose -k + 353 = 5*l, 2*k = -t*k - 4. Is l a composite number?
False
Suppose -t - 18 + 204 = 0. Suppose -7*x = -13*x + t. Is x a prime number?
True
Let j(x) = 27*x**2 - 4*x + 3. Let l(h) = -h**3 + 8*h**2 + 8*h + 11. Let a be l(9). Is j(a) a composite number?
False
Let u(w) = -w**3 + 35*w**2 + 33*w - 41. Is u(35) prime?
False
Let u(k) = -4*k + 7. Let d be u(5). Let l = d - -44. Let i = -9 + l. Is i composite?
True
Let h(k) be the third derivative of k**5/20 + k**3/6 + 6*k**2. Let c be h(1). Suppose 5*u = -3*n + 56, 2*n - 4 = c*u - 62. Is u a prime number?
True
Suppose -5*m + 16 = -7*m. Let t = -21 + m. Let l = 4 - t. Is l composite?
True
Suppose 0 = -3*t + 3*w - 245 + 5837, -4*t - 2*w + 7462 = 0. Is t prime?
False
Let h be -252*(-3 + 28/12). Suppose -2*w = -h + 14. Is w composite?
True
Let n(y) be the second derivative of 2*y**4/3 - 5*y**3/3 + y**2/2 + y. Suppose -5*m - 42 = -2*g, 12*g = -2*m + 14*g - 12. Is n(m) composite?
True
Let y = -18 - -23. Suppose -5*n + 1335 = y*j - 3*j, 3*n - 832 = 5*j. Is n a prime number?
True
Is ((-1010)/(-15) + -3)/(20/8220) prime?
False
Let g(y) = -y**3 + 9*y**2 + 7*y + 22. Suppose 23 = -3*k + 50. Is g(k) a composite number?
True
Let p be 1/((-4)/1614) - 3/6. Let k = -135 - p. Is k prime?
True
Let t = -10 + 7. Let b(z) = 39*z**2 - 5*z - 34*z**2 + z**2 - 4 + z**3. Is b(t) a prime number?
False
Suppose 4*u + 0*u + 16 = -2*d, 3*d = 4*u - 4. Let b be (-10950)/(-40) + u/(-8). Suppose 2*t - 5*o - b = 0, -524 = -5*t + t + 4*o. Is t a prime number?
True
Let l be -12363 + ((-2)/(-2) - -1). Is 6/8 + l/(-4) prime?
False
Suppose 749*u + 11401 = 762*u. Is u prime?
True
Let x = -3629 - -10308. Is x composite?
False
Let w(r) = 3602*r**2 - 124*r + 635. Is w(5) prime?
False
Suppose -46843 + 17358 = -5*r - 2*a, 0 = -5*r - 5*a + 29500. Suppose o + 8*o - r = 0. Is o prime?
False
Suppose 47*d - 41*d = 13422. Is d composite?
False
Is 41*1773/36 - 1/4 composite?
True
Suppose -h = 19 - 6. Let n = 13 + h. Suppose n = k - 178 - 45. Is k prime?
True
Suppose 6*w = 4*w + 114. Let u be w/9 + 1/(-3). Suppose -u + 3 = -o. Is o composite?
False
Let n(k) = k**3 - 5*k**2 + 5*k - 6. Let z(s) = -5*s**3 + 20*s**2 - 19*s + 24. Let f(m) = -9*n(m) - 2*z(m). Is f(5) a composite number?
True
Let w(l) = 2426*l**3 + l**2 + 19*l - 19. Is w(1) a prime number?
False
Suppose -q + 22 = 25. Let k be 40/(-12)*q/2. Suppose k*w - 340 = -3*s, 0 = s + 3*s + w - 459. Is s a prime number?
False
Suppose -4*u + 3*u = 0. Let d be (0 + (-5)/(-2))*2. Suppose u = -2*w - d*r + 251, -5*w - r + 757 = 95. Is w composite?
True
Suppose 5941 = 5*y - a, -4*a + 4367 + 1594 = 5*y. Is y a prime number?
False
Let x = 518 + -149. Suppose 3*s + x = 2154. Suppose -5*m = -0*m - s. Is m a composite number?
True
Suppose 4*p = -i + 574, 5*i - p = 1687 + 1288. Let b = i + -193. Is b a prime number?
True
Let y(d) = 5 - 3 + d - 556*d. Is y(-1) a prime number?
True
Let m(j) = 4*j - 13. Let n be m(4). Suppose -5*p + 4716 = -5*y - 4874, 3*p 